2/424). Let u = -116 - s. Give r(u).
-13
Let v(q) be the second derivative of -7/6*q**3 + q + 0 + 0*q**2 + 1/12*q**4 + 1/120*q**5. Let y(k) be the second derivative of v(k). Determine y(0).
2
Suppose 1623*t + 45 = 1618*t. Let c(p) = -1 + 2*p - 5 - 3*p. Calculate c(t).
3
Suppose -32 = -4*q - 2*g, 5*q - 24 = -g + 10. Let u(l) be the second derivative of -1/6*l**3 + 2*l**2 - 1/20*l**5 + 1/2*l**4 + 0 + 6*l. Determine u(q).
-2
Let l(v) be the second derivative of -v**3/2 + 15*v**2/2 - 2*v. Let y be l(7). Let j(b) = -b**2 - 5*b + 8. Calculate j(y).
2
Let h(t) be the first derivative of -t**5/20 + t**4/8 + t**3/6 + 10*t**2 + 14. Let r(q) be the second derivative of h(q). What is r(3)?
-17
Suppose 2*s = -5*q - 9, -17*q = 5*s - 12*q + 30. Let x(v) = -v**2 - 5*v + 19. Give x(s).
5
Let o = 274 + -60. Let r(q) = -217*q - q**2 + 4 - 2*q**2 + 2*q**2 + o*q. What is r(-4)?
0
Let m(d) = -13*d**2 + 3*d**3 - 3 + 44*d - 34*d - 9*d - 2*d**3. Determine m(13).
10
Let w(g) = -10*g + 3. Let l(a) = -10*a + 32. Let k be l(3). Determine w(k).
-17
Suppose 109*j - 119*j = 60. Let b(y) = -y + 0*y + 2*y + 7. What is b(j)?
1
Let j be (2/4)/(2/12). Suppose -3*l + 2*r = -0 - 2, 0 = -3*l - j*r + 27. Let p(b) = 5*b**2 + 2*b**2 - 7*b**2 - 4*b - l + b**2. Calculate p(6).
8
Let u(q) be the first derivative of 3*q + q**3 + 1/2*q**4 + q**2 - 4. Suppose 7*o = 10*o + 6. Determine u(o).
-5
Let c(s) be the second derivative of s**5/20 + 5*s**4/6 - 2*s**3 - 5*s**2 + 72*s - 2. Give c(-11).
1
Let o(l) = 6*l. Suppose 2*v + 22 + 18 = 0. Suppose 70 = 4*x - 22. Let g = x + v. Determine o(g).
18
Let k(n) = -n**3 + 11*n**2 - 11*n + 8. Let l(b) = -5*b - 15. Let g be l(-5). Let o be k(g). Let x(w) = 2*w**3 + w**2 + 2*w + 2. What is x(o)?
-14
Let q(d) be the first derivative of 5*d**2/2 - 6*d + 161. Calculate q(6).
24
Let a(j) be the third derivative of j**6/120 + 7*j**5/60 + j**4/12 + j**3 - 44*j**2. Let n be a(-7). Let w(o) = -8*o + 1 - o**2 + 2 + o. Calculate w(n).
-5
Let v(l) = l**2 - 10*l - 5. Suppose -4*x = 437 - 481. Calculate v(x).
6
Let i(g) be the first derivative of -7*g**4/4 - 2*g**3/3 - g**2/2 - 229. Suppose 2*h + 2 + 0 = 0. Determine i(h).
6
Let d(i) = -25 - 21 - i**3 - 17 + 57 - i**2. Calculate d(0).
-6
Suppose -15*g + 12*g = 0. Suppose g = 4*j - 24 - 0. Suppose -4*p - j = -7*p. Let f(n) = n**3 + 2*n - 3. What is f(p)?
9
Let x(d) be the third derivative of d**5/60 + d**4/4 - d**3/6 + 45*d**2. Suppose -5*s = 10 + 25. Calculate x(s).
6
Let u(a) = 271*a + 13 + a**3 - 14*a**2 + 5*a**2 - 283*a. What is u(10)?
-7
Let c be (-4 - -4) + -3*2. Let g = c + 4. Let h(d) = -3*d**2 + 6*d + 4. Let u(x) = -7*x**2 + 13*x + 9. Let i(o) = 13*h(o) - 6*u(o). Determine i(g).
10
Let r(d) = -d**3 - 4 + 154*d**2 + d - 150*d**2 + 2*d**3. Suppose 3*y = 20 - 29. Determine r(y).
2
Let b(u) be the first derivative of -4*u**3/3 - 7*u**2/2 - 5*u + 47. Give b(-4).
-41
Let a be (-26)/(3/(9/6)) + 7. Let x(b) be the third derivative of b**6/120 + b**5/10 - b**4/12 - 7*b**3/6 + b**2. Determine x(a).
5
Let d(q) = -q**3 + 7*q**2 + 11*q - 10. Let j = -13 - -17. Suppose -4*v + 3*v = p - 5, j = -v - 4*p. Calculate d(v).
14
Let u(p) = 1 + 0*p + 2*p**2 - 3*p - 2. Suppose 11*x + 23 = 56. Determine u(x).
8
Let j be 22/8*(5 - 1). Let x(d) be the third derivative of d**5/60 - 5*d**4/12 - 13*d**3/6 - 274*d**2. Give x(j).
-2
Let p(i) = -i**2 - 2*i - 13. Let x(t) = -t + 1. Let c(f) = p(f) + 4*x(f). Let y(d) = -6*d**2 + d - 1. Let a be y(1). Calculate c(a).
-9
Let z(m) = 3 - 3*m**2 - 3*m + 5*m + m**2 + m**3. Suppose 5*n - 415 = 5*f + 65, 2*f - n = -197. Let r = -98 - f. Calculate z(r).
18
Let r(d) be the first derivative of -d**2/2 + 4*d - 3. Let x be (-2)/(-14) - 39/(-21). Give r(x).
2
Let v(x) = -11*x + 7. Let w(h) = -h + 1. Let t(y) = v(y) - 6*w(y). Calculate t(-1).
6
Suppose -g + 5*g = 0. Let h = -2 - g. Let y(k) = 38*k - 2. Let v(l) = 14*l - 1. Let d(s) = -8*v(s) + 3*y(s). Give d(h).
-2
Let i be ((-75)/10)/((-6)/8). Let l(t) = 18 + i - 3*t - 26. What is l(3)?
-7
Let p(y) = 60 - 74 + 35 - 3*y - y**2. Let x be p(-6). Let r(f) = -f**3 + 2*f**2 - f. Determine r(x).
-12
Let v(h) be the first derivative of -h**2/2 - h + 1. Let c be 5/(-3) - (-275)/75. Suppose -2*n - 5*f - 11 = 0, -3*n + 3*f = -c*f - 21. Calculate v(n).
-3
Let t(u) = -4*u**2 - 4*u**2 - 3*u - u**3 - 3 + 3*u**2 + u**2. Let b = -2 - -6. Let w(c) = c**3 - 4*c**2 - 2. Let x be w(b). Give t(x).
-5
Suppose -3*k = -p + 9, 2*p - 2*k - k = 6. Let a(z) = z**3 + 3*z**2 + 3. What is a(p)?
3
Suppose -3*h + 8*h = 2*z, 2*z = -4*h. Let k(b) be the third derivative of -1/24*b**4 + 1/2*b**3 + 0 - 4*b**2 + z*b. Calculate k(-5).
8
Let s(i) = 5*i + 21. Suppose 13*d + 14*d = -135. Give s(d).
-4
Let t(r) = -r - 6. Suppose -b - 18 = -4*b. Suppose b*d - 15 = 11*d. What is t(d)?
-3
Let v(w) be the third derivative of w**6/120 + w**3/6 + w**2 + 6*w. Give v(-2).
-7
Let d(g) = 3*g**2 - 3*g. Let h = -78 - -77. Let j be (-2 - -4) + h + 1/1. Determine d(j).
6
Suppose 3 = -4*b - 0*b + y, b + 5*y = 15. Let d(m) = m**2 + m - 22. Determine d(b).
-22
Suppose 126 = -86*m + 107*m. Let l(h) = h - 1. Let z(o) = -9*o + 18. Let k(p) = 6*l(p) + z(p). Calculate k(m).
-6
Suppose -2*d + 5*b + 4 = -d, -d - 2*b + 11 = 0. Let h(i) = 4*i - 13. Determine h(d).
23
Suppose 3*k + 17 = -r, -4*r = -2*k - 3 + 1. Let w be (-12)/28 + (-85)/(-35). Let a(p) = -3*p**2 + p**2 + 5*p**2 - 1 + p - 4*p**w. Determine a(r).
-7
Suppose 4*l - 45 = -3*u, 5*l + 2*u + 3*u - 60 = 0. Let f(z) = -z + 1 - l + 0*z + 0*z. What is f(-6)?
-2
Let r(w) be the second derivative of w**6/720 - w**5/60 + w**4/3 - 17*w. Let q(i) be the third derivative of r(i). Give q(1).
-1
Let l(p) = -p**3 - 3*p**2 + 2*p**2 + 3 + 9*p**2 - 9*p. Calculate l(7).
-11
Let o(i) = i**2 + 6*i - 1. Let j = 125 - 120. Suppose -20 = 2*r + 5*l, r + 0*l = 5*l + j. Give o(r).
-6
Let q(k) = -23*k + 2. Let p(d) = 27*d - 4. Let r(l) = -5*p(l) - 6*q(l). Determine r(-6).
-10
Let n(h) = 10*h - 1. Suppose 63 = -4*c + 7*c. Suppose -c = -9*m + 2*m. Give n(m).
29
Let y(h) = -h**2 - 5*h. Let d = -10 - -1. Let r be 2/(d/6 - -1). Give y(r).
4
Let j(k) = -8*k + 11. Let f = 370 - 365. Calculate j(f).
-29
Let i(p) = p + 3. Let d(c) = c + 1. Let v(y) = 3*d(y) - i(y). Suppose -24*r - 3 = -25*r. Give v(r).
6
Let w(j) be the second derivative of j**6/360 - j**4/12 + 5*j**3/3 - 6*j. Let g(b) be the second derivative of w(b). Determine g(0).
-2
Let w(l) = -13*l**3 + 2*l**2 + l. Let z(a) = -a**3 - 8*a**2 - a - 9. Suppose -5*g - 5*i - 55 = 0, -5*g - 3*i = -4*i + 37. Let s be z(g). Give w(s).
14
Let p be (0 + -5)/((-90)/36). Let a(t) be the first derivative of -2 + 4*t**2 - p*t + 1/4*t**4 - 7/3*t**3. Calculate a(6).
10
Let m(y) = -y**2 + 6*y + 1. Let s(d) = -d**3 - 7*d**2 + 8*d - 12. Let o be s(-8). Let n be (-6)/2 - 3*40/o. What is m(n)?
-6
Suppose -c + 5 = -0*c. Let x(d) be the second derivative of 1/12*d**4 - 5/6*d**3 + 0 + 1/2*d**2 + 4*d. Determine x(c).
1
Suppose -20 = -4*f - 5*b + 3, 5*b - 5 = 5*f. Suppose f*u = 8*u. Let s be 1 - -2 - (u - -4). Let q(i) = 11*i**3 + i + 1. Give q(s).
-11
Let j be 9/(90/(-4)) + (-23)/5. Let p(l) = 3*l**3 + 15*l**2 + 8*l - 6. Let n(z) = 2*z**3 + 10*z**2 + 5*z - 4. Let i(d) = -8*n(d) + 5*p(d). Give i(j).
2
Let c be (-15)/(-25) + 144/60. Let w(g) = -g**2 + 3*g - 12. Calculate w(c).
-12
Let a = 45 + -45. Let v(b) be the first derivative of b**4/4 - 3*b - 7. Determine v(a).
-3
Let o(m) = m**2 + 9*m - 3. Let n be o(-10). Let x be (-10)/(-4) + 1/2. Let z(p) = -n*p**3 + p + 3*p**x - 4*p**3. Calculate z(1).
-7
Let d(q) = 3*q**3 - q**2. Suppose f + 0*a = 4*a - 6, f + 4 = 3*a. Suppose 2 = 2*s + 4*m, f*s - m - 1 = s. Give d(s).
2
Suppose 4*z + 20 + 0 = 0. Let m = -14 + 19. Let t(i) = i**3 - m*i - 2 - 9*i**2 + 3*i**2 - 2*i**3. Calculate t(z).
-2
Let s(h) be the second derivative of 7*h**3/3 + h**2 - h - 9. Give s(-2).
-26
Let v = 61 - 60. Let p(b) = b - 5 + 3*b + v - 1. Give p(-5).
-25
Let a(x) = x**3 - 6*x**2 + 7*x - 2. Let w(o) = -2*o - 8. Let j be w(-14). Suppose 0 = -3*g + j + 19. Suppose -5*d - g = -38. Calculate a(d).
8
Let p(g) = -5*g**3 - 2*g + 1. Let z be (6/(-4))/(12/(-336)). Let f = -33 + z. Let j(b) = -11*b**3 + b**2 - 4*b + 3. Let x(q) = f*p(q) - 4*j(q). Calculate x(-3).
-6
Let q(j) = j**3 - 5*j**2 + 2*j + 3. Suppose 0 = -2*c + 13 + 67. Let i be ((-15)/10)/((-12)/c). Calcu